{"id":2084,"date":"2025-01-07T11:15:27","date_gmt":"2025-01-07T11:15:27","guid":{"rendered":"http:\/\/sokolsw.webd.pl\/rosafilo_test\/?page_id=2084"},"modified":"2026-02-10T10:44:06","modified_gmt":"2026-02-10T10:44:06","slug":"rozana-maska","status":"publish","type":"page","link":"https:\/\/rosafilo.com\/?page_id=2084","title":{"rendered":"R\u00f3\u017cana Maska"},"content":{"rendered":"\t\t<div data-elementor-type=\"wp-page\" data-elementor-id=\"2084\" class=\"elementor elementor-2084\">\n\t\t\t\t<div class=\"elementor-element elementor-element-33e5316 e-con-full e-flex e-con e-parent\" data-id=\"33e5316\" data-element_type=\"container\">\n\t\t<div class=\"elementor-element elementor-element-c1fd946 e-flex e-con-boxed e-con e-child\" data-id=\"c1fd946\" data-element_type=\"container\" data-settings=\"{&quot;background_background&quot;:&quot;classic&quot;}\">\n\t\t\t\t\t<div class=\"e-con-inner\">\n\t\t\t\t<div class=\"elementor-element elementor-element-0a7d6df elementor-widget elementor-widget-heading\" data-id=\"0a7d6df\" data-element_type=\"widget\" data-widget_type=\"heading.default\">\n\t\t\t\t<div class=\"elementor-widget-container\">\n\t\t\t\t\t<h2 class=\"elementor-heading-title elementor-size-default\">R\u00f3\u017cana Maska<\/h2>\t\t\t\t<\/div>\n\t\t\t\t<\/div>\n\t\t\t\t\t<\/div>\n\t\t\t\t<\/div>\n\t\t<div class=\"elementor-element elementor-element-e4b7645 e-flex e-con-boxed e-con e-child\" data-id=\"e4b7645\" data-element_type=\"container\" data-settings=\"{&quot;background_background&quot;:&quot;classic&quot;}\">\n\t\t\t\t\t<div class=\"e-con-inner\">\n\t\t\t\t\t<\/div>\n\t\t\t\t<\/div>\n\t\t\t\t<\/div>\n\t\t<div class=\"elementor-element elementor-element-63f4e5c e-flex e-con-boxed e-con e-parent\" data-id=\"63f4e5c\" data-element_type=\"container\">\n\t\t\t\t\t<div class=\"e-con-inner\">\n\t\t\t\t<div class=\"elementor-element elementor-element-8ecb3f1 elementor-widget elementor-widget-spacer\" data-id=\"8ecb3f1\" data-element_type=\"widget\" data-widget_type=\"spacer.default\">\n\t\t\t\t<div class=\"elementor-widget-container\">\n\t\t\t\t\t\t\t<div class=\"elementor-spacer\">\n\t\t\t<div class=\"elementor-spacer-inner\"><\/div>\n\t\t<\/div>\n\t\t\t\t\t\t<\/div>\n\t\t\t\t<\/div>\n\t\t\t\t\t<\/div>\n\t\t\t\t<\/div>\n\t\t<div class=\"elementor-element elementor-element-c707d40 e-flex e-con-boxed e-con e-parent\" data-id=\"c707d40\" data-element_type=\"container\" data-settings=\"{&quot;background_background&quot;:&quot;classic&quot;}\">\n\t\t\t\t\t<div class=\"e-con-inner\">\n\t\t\t\t<div class=\"elementor-element elementor-element-b07f927 elementor-widget elementor-widget-image\" data-id=\"b07f927\" data-element_type=\"widget\" data-widget_type=\"image.default\">\n\t\t\t\t<div class=\"elementor-widget-container\">\n\t\t\t\t\t\t\t\t\t\t\t\t\t\t\t<img decoding=\"async\" width=\"150\" height=\"150\" src=\"https:\/\/rosafilo.com\/wp-content\/uploads\/2024\/12\/rosafilo-logo-wite-150x150.png\" class=\"attachment-thumbnail size-thumbnail wp-image-998\" alt=\"\" srcset=\"https:\/\/rosafilo.com\/wp-content\/uploads\/2024\/12\/rosafilo-logo-wite-150x150.png 150w, https:\/\/rosafilo.com\/wp-content\/uploads\/2024\/12\/rosafilo-logo-wite.png 296w\" sizes=\"(max-width: 150px) 100vw, 150px\" \/>\t\t\t\t\t\t\t\t\t\t\t\t\t\t\t<\/div>\n\t\t\t\t<\/div>\n\t\t\t\t<div class=\"elementor-element elementor-element-de6efd5 elementor-widget elementor-widget-text-editor\" data-id=\"de6efd5\" data-element_type=\"widget\" data-widget_type=\"text-editor.default\">\n\t\t\t\t<div class=\"elementor-widget-container\">\n\t\t\t\t\t\t\t\t\t<p class=\"p1\">R\u00f3\u017cana maska do cery suchej i normalnej to produkt stworzony z my\u015bl\u0105 o kompleksowej piel\u0119gnacji sk\u00f3ry. Zawiera w 100% naturalne sk\u0142adniki, takie jak glinka bia\u0142a, siemi\u0119 lniane, zmielone p\u0142atki r\u00f3\u017cy oraz naturalny olejek r\u00f3\u017cany. Dzi\u0119ki tym wyj\u0105tkowym komponentom, sk\u00f3ra po zastosowaniu maski zyskuje zdrowy blask, a jej koloryt zostaje przywr\u00f3cony. Efektem jest intensywne nawil\u017cenie oraz widoczna poprawa elastyczno\u015bci, co sprawia, \u017ce sk\u00f3ra wygl\u0105da m\u0142odziej i promienniej.<\/p>\t\t\t\t\t\t\t\t<\/div>\n\t\t\t\t<\/div>\n\t\t\t\t\t<\/div>\n\t\t\t\t<\/div>\n\t\t<div class=\"elementor-element elementor-element-79ebdf9 e-flex e-con-boxed e-con e-parent\" data-id=\"79ebdf9\" data-element_type=\"container\">\n\t\t\t\t\t<div class=\"e-con-inner\">\n\t\t\t\t<div class=\"elementor-element elementor-element-6c52560 elementor-widget elementor-widget-text-editor\" data-id=\"6c52560\" data-element_type=\"widget\" data-widget_type=\"text-editor.default\">\n\t\t\t\t<div class=\"elementor-widget-container\">\n\t\t\t\t\t\t\t\t\t<p class=\"p1\"><span style=\"color: #c6858d;\"><strong>POJEMNO\u015a\u0106:<br \/><\/strong><span style=\"color: #6f6e73;\">750 ml<\/span><strong><br \/><\/strong><\/span><\/p><p class=\"p1\"><strong><span style=\"color: #c6858d;\">TYP SK\u00d3RY:<\/span><\/strong> <br \/>sucha, normalna, starzej\u0105ca si\u0119.<\/p><p class=\"p1\"><strong><span style=\"color: #c6858d;\">DZIA\u0141ANIE:<\/span><\/strong> <br \/>nawil\u017caj\u0105ce, odm\u0142adzaj\u0105ce, rozja\u015bniaj\u0105ce przebarwienia, od\u017cywcze.<span class=\"Apple-converted-space\">\u00a0<\/span><\/p><p class=\"p1\"><strong><span style=\"color: #c6858d;\">AKTYWNE SK\u0141ADNIKI:<br \/><\/span><\/strong>bursztyn, kwiat nagietka, olejek mandarynkowy, glinka bia\u0142a, siemi\u0119 lniane.<\/p><p class=\"p1\"><span style=\"color: #c6858d;\"><strong>SPOS\u00d3B U\u017bYCIA:<\/strong><\/span> <br \/>Mask\u0119 w proszku wymiesza\u0107 z ciepl\u0105 wod\u0105 w proporcji 1:1. Po uzyskaniu odpowiedniej konsystencji na\u0142o\u017cy\u0107 na sk\u00f3r\u0119 przez 15-20 minut a nast\u0119pnie zmy\u0107 ciep\u0142\u0105 wod\u0105.<\/p><p><span style=\"color: #c6858d;\"><strong>ZALETY PRODUKTU:<br \/><\/strong><\/span>Sk\u00f3ra po masce jest od\u017cywiona, zregenerowana i rozja\u015bniona.<\/p><p><span style=\"color: #c6858d;\"><strong>INCI:<br \/><\/strong><\/span>Kaolin (White Clay), Linum Usitatissimum (Flaxseed) Seed Powder, Rosa Gallica (Rose) Flower Powder, Rosa Gallica (Rose) Flower Oil.<\/p>\t\t\t\t\t\t\t\t<\/div>\n\t\t\t\t<\/div>\n\t\t\t\t\t<\/div>\n\t\t\t\t<\/div>\n\t\t<div class=\"elementor-element elementor-element-2216233 e-grid e-con-boxed e-con e-parent\" data-id=\"2216233\" data-element_type=\"container\">\n\t\t\t\t\t<div class=\"e-con-inner\">\n\t\t\t\t<div class=\"elementor-element elementor-element-b2ac4a8 elementor-widget elementor-widget-image\" data-id=\"b2ac4a8\" data-element_type=\"widget\" data-widget_type=\"image.default\">\n\t\t\t\t<div class=\"elementor-widget-container\">\n\t\t\t\t\t\t\t\t\t\t\t\t\t\t\t<img fetchpriority=\"high\" decoding=\"async\" width=\"800\" height=\"533\" src=\"https:\/\/rosafilo.com\/wp-content\/uploads\/2025\/01\/maski-p-09.jpg\" class=\"attachment-large size-large wp-image-2399\" alt=\"\" srcset=\"https:\/\/rosafilo.com\/wp-content\/uploads\/2025\/01\/maski-p-09.jpg 800w, https:\/\/rosafilo.com\/wp-content\/uploads\/2025\/01\/maski-p-09-300x200.jpg 300w, https:\/\/rosafilo.com\/wp-content\/uploads\/2025\/01\/maski-p-09-768x512.jpg 768w\" sizes=\"(max-width: 800px) 100vw, 800px\" \/>\t\t\t\t\t\t\t\t\t\t\t\t\t\t\t<\/div>\n\t\t\t\t<\/div>\n\t\t\t\t\t<\/div>\n\t\t\t\t<\/div>\n\t\t<div class=\"elementor-element elementor-element-282d140 e-flex e-con-boxed e-con e-parent\" data-id=\"282d140\" data-element_type=\"container\">\n\t\t\t\t\t<div class=\"e-con-inner\">\n\t\t\t\t<div class=\"elementor-element elementor-element-51bc27c elementor-align-center elementor-widget elementor-widget-button\" data-id=\"51bc27c\" data-element_type=\"widget\" data-widget_type=\"button.default\">\n\t\t\t\t<div class=\"elementor-widget-container\">\n\t\t\t\t\t\t\t\t\t<div class=\"elementor-button-wrapper\">\n\t\t\t\t\t<a class=\"elementor-button elementor-button-link elementor-size-sm\" href=\"https:\/\/rosafilo.com\/?page_id=1025\">\n\t\t\t\t\t\t<span class=\"elementor-button-content-wrapper\">\n\t\t\t\t\t\t\t\t\t<span class=\"elementor-button-text\">POWR\u00d3T<\/span>\n\t\t\t\t\t<\/span>\n\t\t\t\t\t<\/a>\n\t\t\t\t<\/div>\n\t\t\t\t\t\t\t\t<\/div>\n\t\t\t\t<\/div>\n\t\t\t\t\t<\/div>\n\t\t\t\t<\/div>\n\t\t\t\t<\/div>\n\t\t","protected":false},"excerpt":{"rendered":"<p>R\u00f3\u017cana Maska R\u00f3\u017cana maska do cery suchej i normalnej to produkt stworzony z my\u015bl\u0105 o kompleksowej piel\u0119gnacji sk\u00f3ry. Zawiera w 100% naturalne sk\u0142adniki, takie jak glinka bia\u0142a, siemi\u0119 lniane, zmielone p\u0142atki r\u00f3\u017cy oraz naturalny olejek r\u00f3\u017cany. Dzi\u0119ki tym wyj\u0105tkowym komponentom, sk\u00f3ra po zastosowaniu maski zyskuje zdrowy blask, a jej koloryt zostaje przywr\u00f3cony. Efektem jest intensywne [&hellip;]<\/p>\n","protected":false},"author":1,"featured_media":0,"parent":1025,"menu_order":0,"comment_status":"closed","ping_status":"closed","template":"elementor_header_footer","meta":{"ocean_post_layout":"full-screen","ocean_both_sidebars_style":"","ocean_both_sidebars_content_width":0,"ocean_both_sidebars_sidebars_width":0,"ocean_sidebar":"","ocean_second_sidebar":"","ocean_disable_margins":"enable","ocean_add_body_class":"","ocean_shortcode_before_top_bar":"","ocean_shortcode_after_top_bar":"","ocean_shortcode_before_header":"","ocean_shortcode_after_header":"","ocean_has_shortcode":"","ocean_shortcode_after_title":"","ocean_shortcode_before_footer_widgets":"","ocean_shortcode_after_footer_widgets":"","ocean_shortcode_before_footer_bottom":"","ocean_shortcode_after_footer_bottom":"","ocean_display_top_bar":"off","ocean_display_header":"default","ocean_header_style":"","ocean_center_header_left_menu":"","ocean_custom_header_template":"","ocean_custom_logo":0,"ocean_custom_retina_logo":0,"ocean_custom_logo_max_width":0,"ocean_custom_logo_tablet_max_width":0,"ocean_custom_logo_mobile_max_width":0,"ocean_custom_logo_max_height":0,"ocean_custom_logo_tablet_max_height":0,"ocean_custom_logo_mobile_max_height":0,"ocean_header_custom_menu":"","ocean_menu_typo_font_family":"","ocean_menu_typo_font_subset":"","ocean_menu_typo_font_size":0,"ocean_menu_typo_font_size_tablet":0,"ocean_menu_typo_font_size_mobile":0,"ocean_menu_typo_font_size_unit":"px","ocean_menu_typo_font_weight":"","ocean_menu_typo_font_weight_tablet":"","ocean_menu_typo_font_weight_mobile":"","ocean_menu_typo_transform":"","ocean_menu_typo_transform_tablet":"","ocean_menu_typo_transform_mobile":"","ocean_menu_typo_line_height":0,"ocean_menu_typo_line_height_tablet":0,"ocean_menu_typo_line_height_mobile":0,"ocean_menu_typo_line_height_unit":"","ocean_menu_typo_spacing":0,"ocean_menu_typo_spacing_tablet":0,"ocean_menu_typo_spacing_mobile":0,"ocean_menu_typo_spacing_unit":"","ocean_menu_link_color":"","ocean_menu_link_color_hover":"","ocean_menu_link_color_active":"","ocean_menu_link_background":"","ocean_menu_link_hover_background":"","ocean_menu_link_active_background":"","ocean_menu_social_links_bg":"","ocean_menu_social_hover_links_bg":"","ocean_menu_social_links_color":"","ocean_menu_social_hover_links_color":"","ocean_disable_title":"on","ocean_disable_heading":"default","ocean_post_title":"","ocean_post_subheading":"","ocean_post_title_style":"","ocean_post_title_background_color":"","ocean_post_title_background":0,"ocean_post_title_bg_image_position":"","ocean_post_title_bg_image_attachment":"","ocean_post_title_bg_image_repeat":"","ocean_post_title_bg_image_size":"","ocean_post_title_height":0,"ocean_post_title_bg_overlay":0.5,"ocean_post_title_bg_overlay_color":"","ocean_disable_breadcrumbs":"default","ocean_breadcrumbs_color":"","ocean_breadcrumbs_separator_color":"","ocean_breadcrumbs_links_color":"","ocean_breadcrumbs_links_hover_color":"","ocean_display_footer_widgets":"off","ocean_display_footer_bottom":"off","ocean_custom_footer_template":"","footnotes":""},"class_list":["post-2084","page","type-page","status-publish","hentry","entry"],"_links":{"self":[{"href":"https:\/\/rosafilo.com\/index.php?rest_route=\/wp\/v2\/pages\/2084","targetHints":{"allow":["GET"]}}],"collection":[{"href":"https:\/\/rosafilo.com\/index.php?rest_route=\/wp\/v2\/pages"}],"about":[{"href":"https:\/\/rosafilo.com\/index.php?rest_route=\/wp\/v2\/types\/page"}],"author":[{"embeddable":true,"href":"https:\/\/rosafilo.com\/index.php?rest_route=\/wp\/v2\/users\/1"}],"replies":[{"embeddable":true,"href":"https:\/\/rosafilo.com\/index.php?rest_route=%2Fwp%2Fv2%2Fcomments&post=2084"}],"version-history":[{"count":26,"href":"https:\/\/rosafilo.com\/index.php?rest_route=\/wp\/v2\/pages\/2084\/revisions"}],"predecessor-version":[{"id":5528,"href":"https:\/\/rosafilo.com\/index.php?rest_route=\/wp\/v2\/pages\/2084\/revisions\/5528"}],"up":[{"embeddable":true,"href":"https:\/\/rosafilo.com\/index.php?rest_route=\/wp\/v2\/pages\/1025"}],"wp:attachment":[{"href":"https:\/\/rosafilo.com\/index.php?rest_route=%2Fwp%2Fv2%2Fmedia&parent=2084"}],"curies":[{"name":"wp","href":"https:\/\/api.w.org\/{rel}","templated":true}]}}

Różana Maska

<div data-elementor-type="wp-page" data-elementor-id="2084" class="elementor elementor-2084">
				<div class="elementor-element elementor-element-33e5316 e-con-full e-flex e-con e-parent" data-id="33e5316" data-element_type="container">
		<div class="elementor-element elementor-element-c1fd946 e-flex e-con-boxed e-con e-child" data-id="c1fd946" data-element_type="container" data-settings="{&quot;background_background&quot;:&quot;classic&quot;}">
					<div class="e-con-inner">
				<div class="elementor-element elementor-element-0a7d6df elementor-widget elementor-widget-heading" data-id="0a7d6df" data-element_type="widget" data-widget_type="heading.default">
				<div class="elementor-widget-container">
					<h2 class="elementor-heading-title elementor-size-default">Różana Maska</h2>				</div>
				</div>
					</div>
				</div>
		<div class="elementor-element elementor-element-e4b7645 e-flex e-con-boxed e-con e-child" data-id="e4b7645" data-element_type="container" data-settings="{&quot;background_background&quot;:&quot;classic&quot;}">
					<div class="e-con-inner">
					</div>
				</div>
				</div>
		<div class="elementor-element elementor-element-63f4e5c e-flex e-con-boxed e-con e-parent" data-id="63f4e5c" data-element_type="container">
					<div class="e-con-inner">
				<div class="elementor-element elementor-element-8ecb3f1 elementor-widget elementor-widget-spacer" data-id="8ecb3f1" data-element_type="widget" data-widget_type="spacer.default">
				<div class="elementor-widget-container">
							<div class="elementor-spacer">
			<div class="elementor-spacer-inner"></div>
		</div>
						</div>
				</div>
					</div>
				</div>
		<div class="elementor-element elementor-element-c707d40 e-flex e-con-boxed e-con e-parent" data-id="c707d40" data-element_type="container" data-settings="{&quot;background_background&quot;:&quot;classic&quot;}">
					<div class="e-con-inner">
				<div class="elementor-element elementor-element-b07f927 elementor-widget elementor-widget-image" data-id="b07f927" data-element_type="widget" data-widget_type="image.default">
				<div class="elementor-widget-container">
															<img decoding="async" width="150" height="150" src="https://rosafilo.com/wp-content/uploads/2024/12/rosafilo-logo-wite-150x150.png" class="attachment-thumbnail size-thumbnail wp-image-998" alt="" srcset="https://rosafilo.com/wp-content/uploads/2024/12/rosafilo-logo-wite-150x150.png 150w, https://rosafilo.com/wp-content/uploads/2024/12/rosafilo-logo-wite.png 296w" sizes="(max-width: 150px) 100vw, 150px" />															</div>
				</div>
				<div class="elementor-element elementor-element-de6efd5 elementor-widget elementor-widget-text-editor" data-id="de6efd5" data-element_type="widget" data-widget_type="text-editor.default">
				<div class="elementor-widget-container">
									<p class="p1">Różana maska do cery suchej i normalnej to produkt stworzony z myślą o kompleksowej pielęgnacji skóry. Zawiera w 100% naturalne składniki, takie jak glinka biała, siemię lniane, zmielone płatki róży oraz naturalny olejek różany. Dzięki tym wyjątkowym komponentom, skóra po zastosowaniu maski zyskuje zdrowy blask, a jej koloryt zostaje przywrócony. Efektem jest intensywne nawilżenie oraz widoczna poprawa elastyczności, co sprawia, że skóra wygląda młodziej i promienniej.</p>								</div>
				</div>
					</div>
				</div>
		<div class="elementor-element elementor-element-79ebdf9 e-flex e-con-boxed e-con e-parent" data-id="79ebdf9" data-element_type="container">
					<div class="e-con-inner">
				<div class="elementor-element elementor-element-6c52560 elementor-widget elementor-widget-text-editor" data-id="6c52560" data-element_type="widget" data-widget_type="text-editor.default">
				<div class="elementor-widget-container">
									<p class="p1"><span style="color: #c6858d;"><strong>POJEMNOŚĆ:<br /></strong><span style="color: #6f6e73;">750 ml</span><strong><br /></strong></span></p><p class="p1"><strong><span style="color: #c6858d;">TYP SKÓRY:</span></strong> <br />sucha, normalna, starzejąca się.</p><p class="p1"><strong><span style="color: #c6858d;">DZIAŁANIE:</span></strong> <br />nawilżające, odmładzające, rozjaśniające przebarwienia, odżywcze.<span class="Apple-converted-space"> </span></p><p class="p1"><strong><span style="color: #c6858d;">AKTYWNE SKŁADNIKI:<br /></span></strong>bursztyn, kwiat nagietka, olejek mandarynkowy, glinka biała, siemię lniane.</p><p class="p1"><span style="color: #c6858d;"><strong>SPOSÓB UŻYCIA:</strong></span> <br />Maskę w proszku wymieszać z cieplą wodą w proporcji 1:1. Po uzyskaniu odpowiedniej konsystencji nałożyć na skórę przez 15-20 minut a następnie zmyć ciepłą wodą.</p><p><span style="color: #c6858d;"><strong>ZALETY PRODUKTU:<br /></strong></span>Skóra po masce jest odżywiona, zregenerowana i rozjaśniona.</p><p><span style="color: #c6858d;"><strong>INCI:<br /></strong></span>Kaolin (White Clay), Linum Usitatissimum (Flaxseed) Seed Powder, Rosa Gallica (Rose) Flower Powder, Rosa Gallica (Rose) Flower Oil.</p>								</div>
				</div>
					</div>
				</div>
		<div class="elementor-element elementor-element-2216233 e-grid e-con-boxed e-con e-parent" data-id="2216233" data-element_type="container">
					<div class="e-con-inner">
				<div class="elementor-element elementor-element-b2ac4a8 elementor-widget elementor-widget-image" data-id="b2ac4a8" data-element_type="widget" data-widget_type="image.default">
				<div class="elementor-widget-container">
															<img fetchpriority="high" decoding="async" width="800" height="533" src="https://rosafilo.com/wp-content/uploads/2025/01/maski-p-09.jpg" class="attachment-large size-large wp-image-2399" alt="" srcset="https://rosafilo.com/wp-content/uploads/2025/01/maski-p-09.jpg 800w, https://rosafilo.com/wp-content/uploads/2025/01/maski-p-09-300x200.jpg 300w, https://rosafilo.com/wp-content/uploads/2025/01/maski-p-09-768x512.jpg 768w" sizes="(max-width: 800px) 100vw, 800px" />															</div>
				</div>
					</div>
				</div>
		<div class="elementor-element elementor-element-282d140 e-flex e-con-boxed e-con e-parent" data-id="282d140" data-element_type="container">
					<div class="e-con-inner">
				<div class="elementor-element elementor-element-51bc27c elementor-align-center elementor-widget elementor-widget-button" data-id="51bc27c" data-element_type="widget" data-widget_type="button.default">
				<div class="elementor-widget-container">
									<div class="elementor-button-wrapper">
					<a class="elementor-button elementor-button-link elementor-size-sm" href="https://rosafilo.com/?page_id=1025">
						<span class="elementor-button-content-wrapper">
									<span class="elementor-button-text">POWRÓT</span>
					</span>
					</a>
				</div>
								</div>
				</div>
					</div>
				</div>
				</div>

<p>Różana Maska Różana maska do cery suchej i normalnej to produkt stworzony z myślą o kompleksowej pielęgnacji skóry. Zawiera w 100% naturalne składniki, takie jak glinka biała, siemię lniane, zmielone płatki róży oraz naturalny olejek różany. Dzięki tym wyjątkowym komponentom, skóra po zastosowaniu maski zyskuje zdrowy blask, a jej koloryt zostaje przywrócony. Efektem jest intensywne [&hellip;]</p>
