{"id":2512,"date":"2025-01-13T10:15:37","date_gmt":"2025-01-13T10:15:37","guid":{"rendered":"http:\/\/sokolsw.webd.pl\/rosafilo_test\/?page_id=2512"},"modified":"2025-01-21T15:56:19","modified_gmt":"2025-01-21T15:56:19","slug":"findusze-europejskie","status":"publish","type":"page","link":"https:\/\/rosafilo.com\/?page_id=2512","title":{"rendered":"Findusze Europejskie"},"content":{"rendered":"\t\t<div data-elementor-type=\"wp-page\" data-elementor-id=\"2512\" class=\"elementor elementor-2512\">\n\t\t\t\t<div class=\"elementor-element elementor-element-5ad22c5 e-flex e-con-boxed e-con e-parent\" data-id=\"5ad22c5\" data-element_type=\"container\">\n\t\t\t\t\t<div class=\"e-con-inner\">\n\t\t<div class=\"elementor-element elementor-element-93dbbe7 e-con-full e-flex e-con e-child\" data-id=\"93dbbe7\" data-element_type=\"container\">\n\t\t\t\t<div class=\"elementor-element elementor-element-aef4a5f elementor-widget elementor-widget-image\" data-id=\"aef4a5f\" data-element_type=\"widget\" data-widget_type=\"image.default\">\n\t\t\t\t<div class=\"elementor-widget-container\">\n\t\t\t\t\t\t\t\t\t\t\t\t\t\t\t<img fetchpriority=\"high\" decoding=\"async\" width=\"1024\" height=\"179\" src=\"https:\/\/rosafilo.com\/wp-content\/uploads\/2025\/01\/oznakowanie-materialy-reklamowe-pol-1-1024x179.jpg\" class=\"attachment-large size-large wp-image-2522\" alt=\"\" srcset=\"https:\/\/rosafilo.com\/wp-content\/uploads\/2025\/01\/oznakowanie-materialy-reklamowe-pol-1-1024x179.jpg 1024w, https:\/\/rosafilo.com\/wp-content\/uploads\/2025\/01\/oznakowanie-materialy-reklamowe-pol-1-300x52.jpg 300w, https:\/\/rosafilo.com\/wp-content\/uploads\/2025\/01\/oznakowanie-materialy-reklamowe-pol-1-768x134.jpg 768w, https:\/\/rosafilo.com\/wp-content\/uploads\/2025\/01\/oznakowanie-materialy-reklamowe-pol-1.jpg 1351w\" sizes=\"(max-width: 1024px) 100vw, 1024px\" \/>\t\t\t\t\t\t\t\t\t\t\t\t\t\t\t<\/div>\n\t\t\t\t<\/div>\n\t\t\t\t<div class=\"elementor-element elementor-element-d949ccc elementor-widget elementor-widget-heading\" data-id=\"d949ccc\" data-element_type=\"widget\" data-widget_type=\"heading.default\">\n\t\t\t\t<div class=\"elementor-widget-container\">\n\t\t\t\t\t<h2 class=\"elementor-heading-title elementor-size-default\">Fundusze europejskie<\/h2>\t\t\t\t<\/div>\n\t\t\t\t<\/div>\n\t\t\t\t<div class=\"elementor-element elementor-element-9a6ec6b elementor-widget elementor-widget-text-editor\" data-id=\"9a6ec6b\" data-element_type=\"widget\" data-widget_type=\"text-editor.default\">\n\t\t\t\t<div class=\"elementor-widget-container\">\n\t\t\t\t\t\t\t\t\t<p>Program Operacyjny Inteligentny Rozw\u00f3j, o\u015b priorytetowa: 3 Wsparcie innowacji<br \/>w przedsi\u0119biorstwach, dzia\u0142anie: 3.3 Wsparcie promocji oraz internacjonalizacji innowacyjnych przedsi\u0119biorstw, poddzia\u0142anie: 3.3.3 Wsparcie M\u015aP w promocji marek produktowych \u2013 Go to Brand<\/p><p><strong>Tytu\u0142 projektu: Wypromowanie kosmetyk\u00f3w naturalnych ROSAFILO za granic\u0105.<\/strong><\/p><p><strong>Cel projektu:<\/strong> promowanie produkt\u00f3w bran\u017cy kosmetycznej, kt\u00f3re maj\u0105 szans\u0119 sta\u0107 si\u0119 markami rozpoznawalnymi na rynkach zagranicznych; wzrost konkurencyjno\u015bci firmy oraz zwi\u0119kszenie poziomu internacjonalizacji dzia\u0142alno\u015bci gospodarczej.<br \/><strong>Planowane efekty projektu:<\/strong><\/p><ul><li>podpisanie kontrakt\u00f3w handlowych zagranicznych,<\/li><li>wzrost przychod\u00f3w ze sprzeda\u017cy produkt\u00f3w na eksport,<\/li><li>wzrost przychod\u00f3w ze sprzeda\u017cy produkt\u00f3w b\u0119d\u0105cych przedmiotem projektu.<\/li><\/ul><p><strong>Warto\u015b\u0107 projektu og\u00f3\u0142em: 500 100.00 PLN<\/strong><br \/><strong>Wk\u0142ad Funduszy Europejskich: 425 085.00 PLN<\/strong><\/p><p><strong>Beneficjent: ARCHIVENTO 1 SP\u00d3\u0141KA Z OGRANICZON\u0104 ODPOWIEDZIALNO\u015aCI\u0104<\/strong><\/p>\t\t\t\t\t\t\t\t<\/div>\n\t\t\t\t<\/div>\n\t\t<div class=\"elementor-element elementor-element-3101f70 e-con-full e-flex e-con e-child\" data-id=\"3101f70\" data-element_type=\"container\">\n\t\t\t\t<div class=\"elementor-element elementor-element-029f4a4 elementor-align-center elementor-widget elementor-widget-button\" data-id=\"029f4a4\" data-element_type=\"widget\" data-widget_type=\"button.default\">\n\t\t\t\t<div class=\"elementor-widget-container\">\n\t\t\t\t\t\t\t\t\t<div class=\"elementor-button-wrapper\">\n\t\t\t\t\t<a class=\"elementor-button elementor-button-link elementor-size-sm\" href=\"https:\/\/rosafilo.com\">\n\t\t\t\t\t\t<span class=\"elementor-button-content-wrapper\">\n\t\t\t\t\t\t\t\t\t<span class=\"elementor-button-text\">POWR\u00d3T<\/span>\n\t\t\t\t\t<\/span>\n\t\t\t\t\t<\/a>\n\t\t\t\t<\/div>\n\t\t\t\t\t\t\t\t<\/div>\n\t\t\t\t<\/div>\n\t\t\t\t<\/div>\n\t\t\t\t<\/div>\n\t\t\t\t\t<\/div>\n\t\t\t\t<\/div>\n\t\t\t\t<\/div>\n\t\t","protected":false},"excerpt":{"rendered":"<p>Fundusze europejskie Program Operacyjny Inteligentny Rozw\u00f3j, o\u015b priorytetowa: 3 Wsparcie innowacjiw przedsi\u0119biorstwach, dzia\u0142anie: 3.3 Wsparcie promocji oraz internacjonalizacji innowacyjnych przedsi\u0119biorstw, poddzia\u0142anie: 3.3.3 Wsparcie M\u015aP w promocji marek produktowych \u2013 Go to Brand Tytu\u0142 projektu: Wypromowanie kosmetyk\u00f3w naturalnych ROSAFILO za granic\u0105. Cel projektu: promowanie produkt\u00f3w bran\u017cy kosmetycznej, kt\u00f3re maj\u0105 szans\u0119 sta\u0107 si\u0119 markami rozpoznawalnymi na rynkach [&hellip;]<\/p>\n","protected":false},"author":1,"featured_media":0,"parent":0,"menu_order":0,"comment_status":"closed","ping_status":"closed","template":"elementor_header_footer","meta":{"ocean_post_layout":"full-screen","ocean_both_sidebars_style":"","ocean_both_sidebars_content_width":0,"ocean_both_sidebars_sidebars_width":0,"ocean_sidebar":"","ocean_second_sidebar":"","ocean_disable_margins":"enable","ocean_add_body_class":"","ocean_shortcode_before_top_bar":"","ocean_shortcode_after_top_bar":"","ocean_shortcode_before_header":"","ocean_shortcode_after_header":"","ocean_has_shortcode":"","ocean_shortcode_after_title":"","ocean_shortcode_before_footer_widgets":"","ocean_shortcode_after_footer_widgets":"","ocean_shortcode_before_footer_bottom":"","ocean_shortcode_after_footer_bottom":"","ocean_display_top_bar":"off","ocean_display_header":"off","ocean_header_style":"","ocean_center_header_left_menu":"","ocean_custom_header_template":"","ocean_custom_logo":0,"ocean_custom_retina_logo":0,"ocean_custom_logo_max_width":0,"ocean_custom_logo_tablet_max_width":0,"ocean_custom_logo_mobile_max_width":0,"ocean_custom_logo_max_height":0,"ocean_custom_logo_tablet_max_height":0,"ocean_custom_logo_mobile_max_height":0,"ocean_header_custom_menu":"","ocean_menu_typo_font_family":"","ocean_menu_typo_font_subset":"","ocean_menu_typo_font_size":0,"ocean_menu_typo_font_size_tablet":0,"ocean_menu_typo_font_size_mobile":0,"ocean_menu_typo_font_size_unit":"px","ocean_menu_typo_font_weight":"","ocean_menu_typo_font_weight_tablet":"","ocean_menu_typo_font_weight_mobile":"","ocean_menu_typo_transform":"","ocean_menu_typo_transform_tablet":"","ocean_menu_typo_transform_mobile":"","ocean_menu_typo_line_height":0,"ocean_menu_typo_line_height_tablet":0,"ocean_menu_typo_line_height_mobile":0,"ocean_menu_typo_line_height_unit":"","ocean_menu_typo_spacing":0,"ocean_menu_typo_spacing_tablet":0,"ocean_menu_typo_spacing_mobile":0,"ocean_menu_typo_spacing_unit":"","ocean_menu_link_color":"","ocean_menu_link_color_hover":"","ocean_menu_link_color_active":"","ocean_menu_link_background":"","ocean_menu_link_hover_background":"","ocean_menu_link_active_background":"","ocean_menu_social_links_bg":"","ocean_menu_social_hover_links_bg":"","ocean_menu_social_links_color":"","ocean_menu_social_hover_links_color":"","ocean_disable_title":"on","ocean_disable_heading":"default","ocean_post_title":"","ocean_post_subheading":"","ocean_post_title_style":"","ocean_post_title_background_color":"","ocean_post_title_background":0,"ocean_post_title_bg_image_position":"","ocean_post_title_bg_image_attachment":"","ocean_post_title_bg_image_repeat":"","ocean_post_title_bg_image_size":"","ocean_post_title_height":0,"ocean_post_title_bg_overlay":0.5,"ocean_post_title_bg_overlay_color":"","ocean_disable_breadcrumbs":"default","ocean_breadcrumbs_color":"","ocean_breadcrumbs_separator_color":"","ocean_breadcrumbs_links_color":"","ocean_breadcrumbs_links_hover_color":"","ocean_display_footer_widgets":"off","ocean_display_footer_bottom":"off","ocean_custom_footer_template":"","footnotes":""},"class_list":["post-2512","page","type-page","status-publish","hentry","entry"],"_links":{"self":[{"href":"https:\/\/rosafilo.com\/index.php?rest_route=\/wp\/v2\/pages\/2512","targetHints":{"allow":["GET"]}}],"collection":[{"href":"https:\/\/rosafilo.com\/index.php?rest_route=\/wp\/v2\/pages"}],"about":[{"href":"https:\/\/rosafilo.com\/index.php?rest_route=\/wp\/v2\/types\/page"}],"author":[{"embeddable":true,"href":"https:\/\/rosafilo.com\/index.php?rest_route=\/wp\/v2\/users\/1"}],"replies":[{"embeddable":true,"href":"https:\/\/rosafilo.com\/index.php?rest_route=%2Fwp%2Fv2%2Fcomments&post=2512"}],"version-history":[{"count":17,"href":"https:\/\/rosafilo.com\/index.php?rest_route=\/wp\/v2\/pages\/2512\/revisions"}],"predecessor-version":[{"id":3002,"href":"https:\/\/rosafilo.com\/index.php?rest_route=\/wp\/v2\/pages\/2512\/revisions\/3002"}],"wp:attachment":[{"href":"https:\/\/rosafilo.com\/index.php?rest_route=%2Fwp%2Fv2%2Fmedia&parent=2512"}],"curies":[{"name":"wp","href":"https:\/\/api.w.org\/{rel}","templated":true}]}}